 tens digit of c?
6
Let t(b) = -48*b - 67. What is the hundreds digit of t(-4)?
1
Suppose 5*h = 4*g - 576, 3*h + 110 = -3*g + 542. What is the units digit of g?
4
Let y be ((-14)/(-4))/((-1)/2). Suppose -18 = -3*f + 15. Let b = y + f. What is the units digit of b?
4
Suppose -14 - 221 = -5*q. What is the tens digit of q?
4
Let l(x) be the first derivative of -x**4/12 - x**3/2 + 2*x**2 - 2*x + 1. Let t(b) be the first derivative of l(b). What is the units digit of t(-3)?
4
What is the tens digit of (-6)/(-21) + (-3016)/(-28) + -4?
0
Let n(d) = -6 + 1 + 8*d - 3 - d**2. What is the units digit of n(6)?
4
Let d be (0/(-2))/((-3)/3). Suppose d = 3*b - 14 - 1. What is the units digit of ((-4)/b)/(2/(-5))?
2
Suppose 3*b - 629 = -2*c, 6*b + c - 625 = 3*b. What is the tens digit of b?
0
Suppose -4*k + 1146 = 3*p, 2*p - 5*p + 570 = 2*k. What is the tens digit of k?
8
Suppose -2 = 2*a + b + 16, 4*a + 4*b = -28. Let v = 25 + a. What is the units digit of v?
4
Suppose 2*l = -2*l, 3*w = 4*l + 75. What is the units digit of w?
5
Suppose 5*n + 3*h - 125 = 0, 2*n - 4*n = -3*h - 71. What is the tens digit of n?
2
Suppose 0 = -3*o + 6, 3*o - 21 = 7*y - 2*y. Let c = y - -7. Suppose c*w = -w + 10. What is the units digit of w?
2
Suppose s = -s - 14. Let a = 3 + s. Let u = 1 - a. What is the units digit of u?
5
Let n(d) = -6*d**3 + 3*d**2 + 3*d + 1. What is the units digit of n(-2)?
5
Let i = 4 - 2. Suppose w - 45 = -i*w. Suppose -w = 2*l - 7*l. What is the units digit of l?
3
Let t = 0 + -4. Let b(z) = 1 + z + 2*z + z - 5*z. What is the units digit of b(t)?
5
Let i(q) = -q**2 + 10*q - 13. Let b be i(9). Let x(w) = 3 - 5 - 2*w - 4. What is the units digit of x(b)?
2
Suppose 5*k - 3*s = 129, 3*s - 60 = -2*k - 0*s. What is the units digit of k?
7
Suppose 0 = -b - 43 + 199. What is the tens digit of b?
5
Let t(i) = 5*i**2 - 2*i + 4. What is the units digit of t(4)?
6
Let p be 6/15 + (-2)/5. Suppose p*o - o + 4 = 0. What is the units digit of (-2)/(-8) - (-27)/o?
7
Suppose 4*r + 3*c = 223, 6*c - 281 = -5*r + 3*c. What is the tens digit of r?
5
Let k(w) = -12*w - 5. What is the tens digit of k(-10)?
1
Suppose -2*r + 2*w = 4*w + 24, -20 = 4*w. Let f = r - -2. Let s = 2 - f. What is the units digit of s?
7
Let g(l) = l**2 - 14*l - 4. Let y(f) = f. Let z(k) = g(k) + 5*y(k). Let h be z(10). Suppose 0 = d - 3*j - 3, 4*d - 2*d - h = -3*j. What is the units digit of d?
3
Let h(y) = y**2 - 5*y + 4. Let n be h(4). Let m be (5 - (1 - n)) + 0. Suppose m*i + 3*j - 53 = 0, -3*i + 42 = -j - 14. What is the tens digit of i?
1
What is the tens digit of ((-2)/6)/((-6)/3870)?
1
Let i(p) = 2*p**3 - 8*p**2 + 4*p - 4. Let r be i(5). Let x = r - 33. What is the tens digit of x?
3
Let z = 17 - 3. Let h = z - 0. What is the units digit of h?
4
Let g(t) = -9*t - 4. Let i be g(-2). Let q = -8 + i. What is the units digit of q?
6
Let f be 17/4 - (-3)/(-12). What is the tens digit of 0*f/(-12) + 29?
2
Let c(f) be the third derivative of f**5/30 - 11*f**4/24 + f**3 + 4*f**2. What is the tens digit of c(7)?
2
Suppose -5*w + 162 = -2*w. What is the tens digit of w?
5
Suppose -g + 2*o = -6*g - 18, -2*g + 8 = -3*o. What is the units digit of (7/g)/((-3)/6)?
7
Let v = -6 - -8. Suppose -v*d + g + 6 = -2, 4*d + 4 = -3*g. What is the units digit of d?
2
Let h(t) = -t - 3. Let b be h(-5). Suppose b*z = -z. Let q(y) = -y**3 + y**2 + y + 5. What is the units digit of q(z)?
5
Suppose -5*m + 5 = -0. Let f(y) = 3*y**2 + 1 + y + m - 2*y**2. What is the tens digit of f(3)?
1
What is the tens digit of 6*(8/4 + 0)?
1
Suppose 2 = -3*k + 8. Let b(h) = -h**2 + 8*h - 10. Let d be b(5). What is the units digit of k/(-10) - (-96)/d?
9
Let f be (-8)/(-6)*(-15)/2. Suppose 6*t + 4*k - 24 = 4*t, -3*k = 4*t - 63. Let r = f + t. What is the units digit of r?
8
Suppose -3*w + 54 = -0*w - 4*p, 3*p + 79 = 5*w. Let d(f) = -f**2 - 6*f + 9. Let k be d(-8). Let z = w + k. What is the units digit of z?
7
Suppose -3*a + 20 + 64 = 0. Let h = a + -15. What is the tens digit of h?
1
Suppose -3*x + 88 = -53. Let m be x/4 - (-3)/12. What is the units digit of m*(-2 + (-22)/(-8))?
9
Let r = 287 - 131. What is the units digit of r?
6
Suppose -9 = 2*j - 5*j. Let r(o) = -o**3 + 5*o**2 - o - 3. What is the units digit of r(j)?
2
Let l(q) = 365*q + 2. Let i be l(2). What is the units digit of i/18 + (-4)/6?
0
Suppose y = -0*t - 4*t + 26, 3*y + 3*t - 60 = 0. Let o be (-4)/y + (-434)/(-9). Suppose 0 = -x - 2*x + o. What is the tens digit of x?
1
Suppose 5 = 3*l + 23. Let p be 22/l + (-6)/(-9). Let w = p + 4. What is the units digit of w?
1
Suppose 0 = m - 0*m - 8. Let i = m - 5. What is the units digit of i?
3
Suppose 3*m = 4*c - 5*c + 43, -4*m - 4*c + 44 = 0. What is the tens digit of m?
1
Let n(q) = q**3 + 25*q**2 + 17*q + 4. What is the units digit of n(-24)?
2
Let z(l) = l**2 - 5. Let t be z(-3). What is the units digit of (-3)/(-6)*t - -36?
8
Suppose 4*c - 99 = -n, -2*c + 5*n + 4 = -29. What is the tens digit of c?
2
What is the tens digit of -5 + 3 + 16 - -2?
1
Let t(c) = -c**3 + 6*c**2 - 5*c + 4. Let p be t(5). Let l(g) = g**2 + 9*g + 3. Let y be l(-8). What is the units digit of p/(-2) - y - 0?
3
Let s be (-4)/(-10) - 443/(-5). Suppose -5*f - 88 = -3*r, 4*r - 3*f = -2*f + s. What is the units digit of r?
1
Suppose -g + 3 = 1. Suppose -76 = g*n - 6*n. Let k = -10 + n. What is the units digit of k?
9
Suppose y + 8 = -4*v + 29, 1 = y. Suppose 3*n = -2*d, 5*n = -5*d - 0*n + v. What is the units digit of d?
3
Let k be -1 + (-6)/(-2) + 0. Suppose -k*l - 8 = -3*l. What is the units digit of l?
8
Suppose p + 2*u - 1 = 4*u, 4*u - 23 = -3*p. Suppose 2*a - 24 = -3*r, -3*r + p*a = -2 - 1. What is the units digit of r?
6
Let o(r) = r**2 - 5*r - 4. Let l be o(6). Suppose -l*a = -0*a - 150. Suppose a = 3*i + 2*i. What is the units digit of i?
5
Suppose s - 20 = 32. What is the units digit of s?
2
Suppose 378 = 3*i - 0*i. Suppose -4*a - i = -5*s, 5*s - 2*a - 118 = -0*a. What is the tens digit of s?
2
Suppose -232 = -4*s + 5*b, 4*s - 265 + 37 = 4*b. What is the units digit of s?
3
Let y(x) = -x**2 + 13*x - 31. What is the units digit of y(6)?
1
Suppose -3*l + 0*l + 880 = -5*n, 4*n = -20. What is the units digit of (-1)/(-6) - l/(-18)?
6
Let h be (6/(-1))/(6/4). Let g be -2 - (h*1 - 1). Suppose 12 = -p + g*p. What is the units digit of p?
6
Let k(v) = -v**2 - 9*v + 17. What is the units digit of k(-8)?
5
What is the units digit of ((-12)/9 - -3)*6?
0
Suppose 2*x + z - 9 = 70, -5*x + 217 = -4*z. What is the tens digit of x?
4
Let p(j) = -j**2 - 11*j + 5. What is the units digit of p(-7)?
3
Let i(p) = 6*p + 14. Let y(w) = -w - 3. Let g(b) = -2*i(b) - 11*y(b). Let j be (-14)/(-3) - 4/6. What is the units digit of g(j)?
1
What is the units digit of (57/(-2))/(18/(-24))?
8
Suppose -2*z + r + 52 = 0, -2*r = -3 + 11. What is the units digit of z?
4
Suppose 2*d - 2 = -14. Suppose s - l = -2, 3*s - 1 = -3*l - 37. Let p = d - s. What is the units digit of p?
1
Suppose -3*y + 60 = -0*y + 4*p, 2*p = 0. What is the units digit of y?
0
Let k(f) = -f - 3. Let j be k(0). What is the units digit of ((-1)/1)/(1/j)?
3
Suppose 300 = 3*h + 2*h. What is the units digit of h?
0
Let s be 1/3 + (-8)/(-3). Suppose 0 = s*n - 36 - 12. What is the units digit of n?
6
Suppose -4*q - 2 = -2*q. Let o = -1 + q. What is the units digit of o/(-4) + (-10)/(-4)?
3
Let r(b) = -4*b + 2. Suppose 3*o = -3*g + g + 25, 4*g = o + 1. Let s be r(o). Let y = 36 + s. What is the tens digit of y?
1
Let q = 117 - 73. What is the units digit of q?
4
Let k = -4 + 13. Let y be (-57)/(-9) - 3/k. Suppose 5*p = -5*l + 55, -5*p + y = l - 3*l. What is the units digit of l?
7
Let j(z) = 56*z**3 - 2*z + 1. Let q be j(1). Let s be 6*(204/(-9))/4. Let h = s + q. What is the tens digit of h?
2
Suppose 24 = b + 3*b. Suppose -d + b*d = 0. Let p = d + 8. What is the units digit of p?
8
Suppose 25 = -2*y - 19. Let b be 48/y + (-4)/(-22). Let c = b + 3. What is the units digit of c?
1
Let z(v) = -4*v**2 - 5*v + 14. Let c(s) = -3*s**2 - 6*s + 13. Let k(a) = 3*c(a) - 2*z(a). Let b be -1 + 0 + 1 - 8. What is the units digit of k(b)?
1
Suppose 3*j + 2*l = -0*j + 74, -3*j + 3*l + 99 = 0. What is the tens digit of j?
2
Suppose -h - 2 = -5*t, 3*t = -h + 5*h + 8. Suppose t = -w - 3, 0*g - g - 17 = 3*w. What is the units digit of 